4?
4
What is the hundred thousands digit of 726399?
7
What is the units digit of 536783?
3
What is the hundreds digit of 255261?
2
What is the thousands digit of 802719?
2
What is the hundreds digit of 9722343?
3
What is the thousands digit of 1038859?
8
What is the units digit of 612514?
4
What is the ten thousands digit of 231764?
3
What is the thousands digit of 4130483?
0
What is the thousands digit of 4214850?
4
What is the thousands digit of 710209?
0
What is the hundred thousands digit of 2359409?
3
What is the hundreds digit of 918028?
0
What is the tens digit of 222138?
3
What is the units digit of 1070616?
6
What is the hundred thousands digit of 764364?
7
What is the units digit of 1074157?
7
What is the millions digit of 1328422?
1
What is the units digit of 110796?
6
What is the hundred thousands digit of 261771?
2
What is the hundred thousands digit of 157041?
1
What is the units digit of 108181?
1
What is the thousands digit of 1451451?
1
What is the thousands digit of 537971?
7
What is the ten thousands digit of 817731?
1
What is the tens digit of 647025?
2
What is the units digit of 216116?
6
What is the hundreds digit of 615536?
5
What is the millions digit of 19706267?
9
What is the units digit of 329957?
7
What is the units digit of 1048940?
0
What is the ten thousands digit of 3688089?
8
What is the units digit of 4046794?
4
What is the tens digit of 11065336?
3
What is the hundred thousands digit of 254350?
2
What is the tens digit of 620044?
4
What is the units digit of 1562691?
1
What is the hundred thousands digit of 2326612?
3
What is the hundred thousands digit of 5998315?
9
What is the ten thousands digit of 378511?
7
What is the ten thousands digit of 1082719?
8
What is the hundred thousands digit of 13012959?
0
What is the hundreds digit of 678125?
1
What is the units digit of 174888?
8
What is the ten thousands digit of 309835?
0
What is the thousands digit of 944657?
4
What is the tens digit of 16041?
4
What is the hundreds digit of 147949?
9
What is the ten thousands digit of 412596?
1
What is the units digit of 3329397?
7
What is the hundred thousands digit of 1315093?
3
What is the thousands digit of 25828?
5
What is the millions digit of 3797525?
3
What is the hundreds digit of 286952?
9
What is the units digit of 3229933?
3
What is the thousands digit of 418851?
8
What is the millions digit of 1644538?
1
What is the ten thousands digit of 108452?
0
What is the millions digit of 3232949?
3
What is the units digit of 110845?
5
What is the tens digit of 177013?
1
What is the units digit of 903098?
8
What is the ten thousands digit of 158630?
5
What is the hundred thousands digit of 306052?
3
What is the hundred thousands digit of 300728?
3
What is the hundreds digit of 4897196?
1
What is the thousands digit of 1454477?
4
What is the millions digit of 18946897?
8
What is the millions digit of 21043727?
1
What is the units digit of 1861584?
4
What is the tens digit of 3800994?
9
What is the ten thousands digit of 6753417?
5
What is the thousands digit of 3168743?
8
What is the hundreds digit of 154927?
9
What is the millions digit of 9405334?
9
What is the hundred thousands digit of 176240?
1
What is the millions digit of 6801799?
6
What is the hundreds digit of 517758?
7
What is the hundred thousands digit of 367462?
3
What is the ten thousands digit of 12201224?
0
What is the hundreds digit of 3690788?
7
What is the millions digit of 25107149?
5
What is the hundreds digit of 118396?
3
What is the tens digit of 73083?
8
What is the thousands digit of 41302?
1
What is the hundred thousands digit of 11852825?
8
What is the tens digit of 239872?
7
What is the thousands digit of 83990?
3
What is the hundreds digit of 356695?
6
What is the hundred thousands digit of 479461?
4
What is the units digit of 2067878?
8
What is the hundred thousands digit of 2163522?
1
What is the tens digit of 403755?
5
What is the tens digit of 489763?
6
What is the thousands digit of 11771?
1
What is the hundred thousands digit of 4158110?
1
What is the tens digit of 401643?
4
What is the tens digit of 1111958?
5
What is the hundreds digit of 9698765?
7
What is the hundreds digit of 8939235?
2
What is the hundreds digit of 750342?
3
What is the hundreds digit of 3716882?
8
What is the thousands digit of 5254608?
4
What is the hundreds digit of 682635?
6
What is the units digit of 4981914?
4
What is the thousands digit of 1201147?
1
What is the tens digit of 193019?
1
What is the units digit of 16992484?
4
What is the units digit of 528460?
0
What is the units digit of 4905241?
1
What is the hundred thousands digit of 3460626?
4
What is the hundreds digit of 2631455?
4
What is the tens digit of 1127411?
1
What is the thousands digit of 370378?
0
What is the hundred thousands digit of 1423260?
4
What is the hundreds digit of 331103?
1
What is the thousands digit of 4632126?
2
What is the ten thousands digit of 15477034?
7
What is the ten thousands digit of 621146?
2
What is the millions digit of 3699196?
3
What is the hundred thousands digit of 7965794?
9
What is the millions digit of 1214508?
1
What is the ten thousands digit of 500152?
0
What is the thousands digit of 29031?
9
What is the hundreds digit of 17352805?
8
What is the units digit of 983396?
6
What is the millions digit of 5478146?
5
What is the units digit of 683139?
9
What is the thousands digit of 711864?
1
What is the hundred thousands digit of 11106166?
1
What is the ten thousands digit of 224029?
2
What is the hundreds digit of 94390?
3
What is the thousands digit of 205426?
5
What is the ten thousands digit of 97829?
9
What is the ten thousands digit of 2531678?
3
What is the ten thousands digit of 202804?
0
What is the hundreds digit of 229739?
7
What is the hundreds digit of 3422659?
6
What is the thousands digit of 134716?
4
What is the millions digit of 2149751?
2
What is the hundreds digit of 576811?
8
What is the hundreds digit of 5982638?
6
What is the millions digit of 5905290?
5
What is the thousands digit of 853010?
3
What is the thousands digit of 97556?
7
What is the thousands digit of 37568?
7
What is the ten thousands digit of 104282?
0
What is the millions digit of 10644326?
0
What is the millions digit of 1908781?
1
What is the hundred thousands digit of 4979370?
9
What is the tens digit of 96388?
8
What is the ten thousands digit of 91691?
9
What is the units digit of 565650?
0
What is the units digit of 1131054?
4
What is the units digit of 9223258?
8
What is the units digit of 81581?
1
What is the hundred thousands digit of 4613929?
6
What is the hundreds digit of 12116940?
9
What is the hundred thousands digit of 215715?
2
What is the ten thousands digit of 119019?
1
What is the units digit of 624491?
1
What is the tens digit of 33858686?
8
What is the ten thousands digit of 457075?
5
What is the ten thousands digit of 1089533?
8
What is the units digit of 232783?
3
What is the units digit of 774526?
6
What is the hundred thousands digit of 370375?
3
What is the hundred thousands digit of 315519?
3
What is the thousands digit of 489123?
9
What is the tens digit of 3328144?
4
What is the ten thousands digit of 207126?
0
What is the units digit of 1242500?
0
What is the thousands digit of 658562?
8
What is the hundred thousands digit of 3681611?
6
What is the thousands digit of 2320827?
0
What is the ten thousands digit of 3310465?
1
What is the thousands digit of 151445?
1
What is the ten thousands digit of 366385?
6
What is the ten thousands digit of 53022?
5
What is the millions digit of 1041762?
1
What is the hundred thousands digit of 577289?
5
What is the millions digit of 5762668?
5
What is the tens digit of 122097?
9
What is the thousands digit of 239209?
9
What is the ten thousands digit of 231178?
3
What is the ten thousands digit of 13323840?
2
What is the tens digit of 365576?
7
What is the thousands digit of 42001?
2
What is the thousands digit of 5184657?
4
What is the tens digit of 957716?
1
What is the hundreds digit of 266263?
2
What is the hundreds digit of 3212995?
9
What is the hundred thousands digit of 488137?
4
What is the units digit of 748517?
7
What is the hundreds digit of 354224?
2
What is the thousands digit of 199265